e units digit of a(-8)?
0
Let t(u) = -2*u. Let z = 0 - -1. Let a be 4*(z*-3 + 2). What is the units digit of t(a)?
8
Let y(d) = -d**2 - 11*d - 6. Let c be y(-10). Suppose -9 = -k - 2*f, -3*k = -k - c*f + 14. What is the units digit of -1 + (11 - k - -3)?
2
Let w(u) = u**2 - 7*u + 6. Let d be w(7). Suppose -d*j + j + 40 = 0. What is the units digit of 0 + j + 1 + 1?
0
Suppose -3*v = 3*r - 39, -r - 2*v = -0 - 15. Suppose r = -5*t + 31. Suppose q + w - 9 = -2*w, t*w = 3*q - 1. What is the units digit of q?
3
Suppose -211 = -3*u + 4*k, 5*k + 75 = 3*u - 134. Let m = u + -48. What is the tens digit of m?
2
Suppose 4*h + 11 = 31. Let u = 5 - h. What is the units digit of -5*(u - 1) - 2?
3
Let b(h) = 3*h - 4. Let k be b(3). Suppose -k*u = 7 - 87. What is the tens digit of u?
1
Suppose 2*n + 8 = u - n, 5*n + 90 = 5*u. Suppose 3*k - 25 = -5*t + u, 21 = 3*k - 4*t. What is the tens digit of k?
1
Let y(n) = 2*n + 6. Let s be y(-6). Let d be s/4 + 15/10. Suppose 3*q + q + 5*x - 69 = 0, 4*q - 2*x - 34 = d. What is the tens digit of q?
1
Let y(j) = -5*j**3 + 2*j**2 + 2*j + 2. Let i be y(-2). Suppose 3*r = 5*h + i, 0 = 4*h + 2*r + 3*r + 22. Let x = h + 17. What is the units digit of x?
9
Suppose -3*l = -4*o + 178, o - 2*o + 35 = 4*l. What is the tens digit of o?
4
Suppose -5*u + 30 = -2*z, 4*z - u + 8 = -4*u. Let a(s) = -1 - 1 - s + 4. What is the units digit of a(z)?
7
Let n be 21 + 1 + 4 + -8. Suppose n = v - 9. What is the units digit of v?
7
Suppose 0*t - 4*s = -2*t + 14, 8 = -4*s. Suppose -17 = 5*q + 3, t*q + 12 = -2*i. What is the units digit of 2 + (0 - i - -5)?
7
Let d = -4 - -7. Let b(n) = 2*n**3 - n**2 - 15*n - 1. Let z(q) = -q**3 + q**2 + 7*q. Let s(p) = 2*b(p) + 5*z(p). What is the units digit of s(d)?
3
Let f be ((-2)/(-4)*4)/2. Suppose -3*d - f - 8 = 0. What is the tens digit of ((-1)/d)/(1/45)?
1
Let m(x) = -x**2 + 3*x + 4. Let s be m(3). Suppose -h + 13 = s*k, k + 3 = -2*h + 1. What is the units digit of k?
4
Let g(o) = -3*o**3 - 8*o**2 + 3*o + 10. Let k(i) = -13*i**3 - 32*i**2 + 12*i + 40. Let z(f) = -9*g(f) + 2*k(f). What is the units digit of z(-8)?
4
Suppose -12 = -3*p - 4*j - 0, 5*j - 20 = -5*p. Suppose 0 = 3*z - 0*z. Let w = p - z. What is the units digit of w?
4
Let p be (-30)/(-35)*(6 - -1). Suppose 0*h = 3*h - p. What is the units digit of h?
2
Suppose -3*u = -0*u - 93. What is the units digit of u?
1
Suppose -2*j - 2*j - 5*s = -29, 0 = 2*j + 4*s - 22. Let k be (0 - 1 - j) + 3. What is the units digit of 2/(6/9)*k?
3
Suppose 4*h - 3*h - 10 = 0. What is the tens digit of h?
1
Let w = 10 + -8. What is the units digit of w?
2
Let o(l) = -25*l**3 - 2*l**2 + 1. What is the tens digit of o(-1)?
2
Let s(m) = m**3 + m**2 + m + 3. Let k be s(0). Suppose k*x = -0 + 6. What is the units digit of x?
2
Let q(t) be the second derivative of t**4/12 - t**3/2 - t**2 - 5*t. Let i be q(-8). Suppose -h + 6*h = 2*c + i, 4*h = -c + 61. What is the tens digit of h?
1
Suppose -w = -5*w + 168. What is the tens digit of w?
4
Let v = 2 - 4. What is the units digit of v - (1 - 12)*1?
9
What is the tens digit of -2 - 1*(-22)/1?
2
Let y = 17 - 19. Let r = y + 5. What is the units digit of r?
3
Let k be (-1)/4 + (-2)/(-8). Suppose 0 = w - k*w, 3*n + 54 = 2*w. Let r = -11 - n. What is the units digit of r?
7
Let f(m) = -64*m**2 - 2*m + 2. Let j be f(1). Let o = j + 106. What is the tens digit of o?
4
Suppose -2*p = 3*k - 0*p + 35, -4*k = -p + 32. Let b be (-466)/k - 4/(-18). Suppose 0*r = 4*r - b. What is the units digit of r?
3
Let k(b) = -39*b**3 - 1. What is the units digit of k(-1)?
8
Let j(t) = -t**3 + 2*t**2 + 1. Suppose 22 = 2*q + l, 38 + 11 = 5*q + l. Suppose 1 = 5*s - q. What is the units digit of j(s)?
1
Suppose 10 + 16 = 4*a - 2*o, -3*a + 17 = -4*o. What is the units digit of a?
7
Suppose -2*y = -3*t + 49, 4*t - 47 = -4*y - 15. Suppose 2 = 3*a - t. Suppose -a*f + 46 = -3*r, 4*f - 8*f - r = -47. What is the tens digit of f?
1
Let v be 650/(-55) - (-4)/(-22). Let o = v - -28. What is the units digit of 3/(6/o - 0)?
8
Let w = -2 - -5. Let c be (8/12)/(2/w). Let i(o) = o**2 + 2*o - 1. What is the units digit of i(c)?
2
Let t(v) be the second derivative of -v**3/6 + 2*v**2 + v. Let a be t(6). Let n = a - -4. What is the units digit of n?
2
Let k(i) = i**2 + 11*i - 3. Let n be k(-8). What is the tens digit of -87*3*3/n?
2
Let x(i) = -14*i - 39. What is the tens digit of x(-9)?
8
Let c(h) = -2*h. Let y be (-2)/(1*4/2). Let q be c(y). Suppose 5*t = q*t - 2*b + 31, 4*b = 2*t - 26. What is the tens digit of t?
1
Let y = -7 - -12. Suppose -y = -4*l + 7. What is the units digit of (1/l)/(3/9)?
1
Let v(j) = -2*j**3 - 4*j**2 + 3*j + 1. Let l be v(-4). Suppose -19 - l = -3*d. Let q = d + -9. What is the tens digit of q?
1
Suppose -66 = -9*t + 6*t. What is the tens digit of t?
2
Let i = 44 - 10. What is the units digit of i?
4
Suppose -2*n - 28 = -10. What is the units digit of 2/n + 816/27?
0
Let x be 0/1 + 6/(-1). Let w be (-2)/3 + (-4)/x. Suppose -a + w = -2. What is the units digit of a?
2
Suppose -315 + 60 = -3*h. What is the units digit of h?
5
Suppose -r - 10 = 4*r. Let i = 5 + r. What is the units digit of i?
3
Suppose z - 84 = -3*z. What is the tens digit of z?
2
Suppose -2*o + 3 = -1. Let p be (1/o)/((-4)/(-96)). Suppose -2*n + 3*n = p. What is the tens digit of n?
1
Let i = -10 + 10. Suppose i = 2*w - 57 + 5. What is the tens digit of w?
2
Let u = 0 - -4. Let p be u + 1 - -2*1. Suppose -s - p*x + 2*x + 5 = 0, -x = 5*s - 49. What is the tens digit of s?
1
Let u(a) = a**2 + a + 1. Let c be u(-7). Suppose -c - 47 = -5*b. What is the tens digit of b?
1
Let w(o) be the second derivative of o**5/60 + o**4/4 - 3*o**3/2 + o**2 - o. Let c(u) be the first derivative of w(u). What is the units digit of c(-8)?
7
Let b(a) = -a - 3. Let y be (10/8)/((-3)/12). Let x be b(y). Suppose -12 = -p - 2*f - 2, p = x*f + 10. What is the units digit of p?
0
Suppose -3*t + 2*x + 0*x = 5233, -3*x = 2*t + 3480. Let j be t/(-35) - (-1)/5. Suppose z = 6*z - j. What is the units digit of z?
0
Suppose y - 114 = -5*x - 46, 64 = 4*x + 4*y. Let k = 15 - x. What is the units digit of k?
2
Let x be (-78)/(-66) + 4/(-22). What is the units digit of x/(((-15)/9)/(-5))?
3
Let p be 212/3 + (-12)/(-9). Suppose 0*o = 3*o - p. What is the units digit of o?
4
What is the units digit of (-2 - 2)/(-2) + 89?
1
What is the units digit of (-857)/(-9) - 18/81?
5
Suppose -2*x - 89 = 3*p - 406, 524 = 5*p - x. What is the tens digit of p?
0
Suppose 1 - 5 = -g. Suppose 3*n + 2 - 4 = 5*d, g*n + 2 = 2*d. What is the units digit of (12/20)/(d/(-5))?
3
Suppose -16 = -0*y + 4*y. Let a be y*(-3 - (-10)/4). Suppose a*r - 56 = -2*r. What is the tens digit of r?
1
Suppose 5*a - 8 - 1027 = 0. What is the hundreds digit of a?
2
Suppose 0 = -o + 4*d - d + 64, -66 = -o + 5*d. What is the tens digit of o?
6
Suppose -2*y = -4, 0 = 3*p - 8*p - 3*y - 14. What is the units digit of ((-6)/p)/(21/308)?
2
Let i = -11 - -7. What is the units digit of i/2 + 10/1?
8
What is the units digit of (-4 + 9)/5 - -2?
3
Let k(u) = 2*u + 6. Let c(q) = -q - 3. Let a(z) = 5*c(z) + 3*k(z). Let r be a(4). Let s = 20 - r. What is the tens digit of s?
1
Let w = 4 + 13. What is the tens digit of w?
1
Suppose 3*t + 4 = 13. Suppose 0 = 5*r - t - 17. What is the units digit of r?
4
Let x(b) = -b**2 - 22*b + 24. What is the tens digit of x(-18)?
9
Suppose a = -2*q + 11, -3*q + 3*a = -8*q + 27. What is the units digit of q?
6
Suppose -x = -0*x - 22. What is the units digit of x?
2
Let y = 44 + -11. What is the tens digit of y?
3
Let f be (1 + 2)/3 - 5. Let b = -3 - f. What is the units digit of 7 + b + 2/(-2)?
7
Suppose -2*y + 2*o + 4 = 0, 6 + 4 = 5*y - 4*o. Suppose -2*p - y*r + 40 = 0, -3*p - 2*r = -8*p + 86. What is the units digit of p?
8
Let w = -70 + 222. What is the hundreds digit of w?
1
Let j = -81 + 139. What is the tens digit of j?
5
Let q = -5 + 3. What is the units digit of q/(-6) + 64/6?
1
Let i = 13 + -8. Suppose -p + 22 = 5*s, 2*s = s + i. Let v = 9 - p. What is the tens digit of v?
1
Let y be 161/49 - (-2)/(-7). Suppose 2*s - 66 = -n, 2*s + 5 = y*n + 55. What is the units digit of s?
1
Suppose 0 = 2*u + u. Suppose u = -4*i + 23 + 153. What is the tens digit of i?
4
What is the tens digit of (-8)/((-40)/225) + 3?
4
Let u be (-12)/(-42) + (-